{"id":72,"date":"2010-05-29T18:17:15","date_gmt":"2010-05-29T18:17:15","guid":{"rendered":"http:\/\/www.uvpsk.se\/?page_id=72"},"modified":"2018-05-24T21:31:42","modified_gmt":"2018-05-24T19:31:42","slug":"hitta-till-oss","status":"publish","type":"page","link":"https:\/\/www.uvpsk.se\/?page_id=72","title":{"rendered":"Hitta till Eggeby"},"content":{"rendered":"<h4>Avfart nr 176 p\u00e5 E 4 vid trafikplats Gl\u00e4djen i Upplands V\u00e4sby, sv\u00e4ng \u00e5t \u00f6ster i rondellen, d\u00e4refter v\u00e4nster och \u00e5k i riktning mot Rosersberg, efter ca 2 km, sv\u00e4ng av till h\u00f6ger mot Almunge vid trafikljuset, efter ca 800 m sv\u00e4ng till h\u00f6ger innan avsmalning i v\u00e4gen, f\u00f6lj v\u00e4gen rakt fram och efter ett backkr\u00f6n, sv\u00e4ng till v\u00e4nster, forts\u00e4tt rakt fram p\u00e5 grusv\u00e4gen 500 m och du \u00e4r framme.<\/h4>\n<h4><strong>GPS<\/strong>: Decimalgrader: N 59,54161 E 17,94683, Grader: Minuter: Sekunder: N 59\u00ba 32\u2032 29\u2033 E 17\u00ba 56\u2032 48\u2033<\/h4>\n<p>L\u00e4nkar:<br \/>\n<strong><a href=\"http:\/\/goo.gl\/fDmTZS\">Google<\/a><\/strong><br \/>\n<strong><a href=\"http:\/\/www.hitta.se\/LargeMap.aspx?z=1&amp;mp=%3Cpts%3E%3Cpt%20i%3D%22images\/map\/counter\/19.png%22%20y%3D%226604308%22%20x%3D%221621144%22%3E%3Ct%3E%28ny%20punkt%29%3C\/t%3E%3C\/pt%3E%3C\/pts%3E\" target=\"_blank\" rel=\"noopener\">hitta.se<\/a><\/strong><\/p>\n","protected":false},"excerpt":{"rendered":"<p>Avfart nr 176 p\u00e5 E 4 vid trafikplats Gl\u00e4djen i Upplands V\u00e4sby, sv\u00e4ng \u00e5t \u00f6ster i rondellen, d\u00e4refter v\u00e4nster och \u00e5k i riktning mot Rosersberg, efter ca 2 km, sv\u00e4ng av till h\u00f6ger mot Almunge vid trafikljuset, efter ca 800 &hellip; <a href=\"https:\/\/www.uvpsk.se\/?page_id=72\">Forts\u00e4tt l\u00e4sa <span class=\"meta-nav\">&rarr;<\/span><\/a><\/p>\n","protected":false},"author":1,"featured_media":0,"parent":2,"menu_order":0,"comment_status":"closed","ping_status":"open","template":"","meta":{"footnotes":""},"class_list":["post-72","page","type-page","status-publish","hentry"],"_links":{"self":[{"href":"https:\/\/www.uvpsk.se\/index.php?rest_route=\/wp\/v2\/pages\/72","targetHints":{"allow":["GET"]}}],"collection":[{"href":"https:\/\/www.uvpsk.se\/index.php?rest_route=\/wp\/v2\/pages"}],"about":[{"href":"https:\/\/www.uvpsk.se\/index.php?rest_route=\/wp\/v2\/types\/page"}],"author":[{"embeddable":true,"href":"https:\/\/www.uvpsk.se\/index.php?rest_route=\/wp\/v2\/users\/1"}],"replies":[{"embeddable":true,"href":"https:\/\/www.uvpsk.se\/index.php?rest_route=%2Fwp%2Fv2%2Fcomments&post=72"}],"version-history":[{"count":5,"href":"https:\/\/www.uvpsk.se\/index.php?rest_route=\/wp\/v2\/pages\/72\/revisions"}],"predecessor-version":[{"id":8972,"href":"https:\/\/www.uvpsk.se\/index.php?rest_route=\/wp\/v2\/pages\/72\/revisions\/8972"}],"up":[{"embeddable":true,"href":"https:\/\/www.uvpsk.se\/index.php?rest_route=\/wp\/v2\/pages\/2"}],"wp:attachment":[{"href":"https:\/\/www.uvpsk.se\/index.php?rest_route=%2Fwp%2Fv2%2Fmedia&parent=72"}],"curies":[{"name":"wp","href":"https:\/\/api.w.org\/{rel}","templated":true}]}}