{"id":647,"date":"2010-09-15T06:51:02","date_gmt":"2010-09-15T04:51:02","guid":{"rendered":"http:\/\/www.uvpsk.se\/?page_id=647"},"modified":"2025-09-30T07:21:32","modified_gmt":"2025-09-30T05:21:32","slug":"luftpistol","status":"publish","type":"page","link":"https:\/\/www.uvpsk.se\/?page_id=647","title":{"rendered":"Luftpistolsskytte"},"content":{"rendered":"<p>Under vinters\u00e4songen skjuter de som vill luftpistol i en k\u00e4llarlokal under V\u00e4sbyskolan. Det finns 7 banor med elektriska taveltransport\u00f6rer. Luftpistol skjuts p\u00e5 10 meter och anses av m\u00e5nga att vara den sv\u00e5raste skjutformen. Blir man duktig i lufthallen brukar krutskyttet bli \u00e4n b\u00e4ttre. Klubben har ett antal l\u00e5nevapen men i princip alla fj\u00e4der-, luft-, eller kolsyredrivna vapen \u00e4r ok s\u00e5 l\u00e4nge kaliber \u00e4r 4,5 mm.<\/p>\n<p><a href=\"https:\/\/www.uvpsk.se\/wp-content\/uploads\/2010\/09\/lp10.bmp\"><img decoding=\"async\" class=\"aligncenter size-full wp-image-2590\" title=\"lp10\" src=\"https:\/\/www.uvpsk.se\/wp-content\/uploads\/2010\/09\/lp10.bmp\" alt=\"\" \/><\/a><\/p>\n<p>Bilden f\u00f6rest\u00e4ller en Steyer LP 10, av m\u00e5nga ansedd som den ultimata luftpistolen<\/p>\n<p>&nbsp;<\/p>\n","protected":false},"excerpt":{"rendered":"<p>Under vinters\u00e4songen skjuter de som vill luftpistol i en k\u00e4llarlokal under V\u00e4sbyskolan. Det finns 7 banor med elektriska taveltransport\u00f6rer. Luftpistol skjuts p\u00e5 10 meter och anses av m\u00e5nga att vara den sv\u00e5raste skjutformen. Blir man duktig i lufthallen brukar krutskyttet &hellip; <a href=\"https:\/\/www.uvpsk.se\/?page_id=647\">Forts\u00e4tt l\u00e4sa <span class=\"meta-nav\">&rarr;<\/span><\/a><\/p>\n","protected":false},"author":480,"featured_media":0,"parent":14,"menu_order":70,"comment_status":"closed","ping_status":"closed","template":"","meta":{"footnotes":""},"class_list":["post-647","page","type-page","status-publish","hentry"],"_links":{"self":[{"href":"https:\/\/www.uvpsk.se\/index.php?rest_route=\/wp\/v2\/pages\/647","targetHints":{"allow":["GET"]}}],"collection":[{"href":"https:\/\/www.uvpsk.se\/index.php?rest_route=\/wp\/v2\/pages"}],"about":[{"href":"https:\/\/www.uvpsk.se\/index.php?rest_route=\/wp\/v2\/types\/page"}],"author":[{"embeddable":true,"href":"https:\/\/www.uvpsk.se\/index.php?rest_route=\/wp\/v2\/users\/480"}],"replies":[{"embeddable":true,"href":"https:\/\/www.uvpsk.se\/index.php?rest_route=%2Fwp%2Fv2%2Fcomments&post=647"}],"version-history":[{"count":14,"href":"https:\/\/www.uvpsk.se\/index.php?rest_route=\/wp\/v2\/pages\/647\/revisions"}],"predecessor-version":[{"id":18217,"href":"https:\/\/www.uvpsk.se\/index.php?rest_route=\/wp\/v2\/pages\/647\/revisions\/18217"}],"up":[{"embeddable":true,"href":"https:\/\/www.uvpsk.se\/index.php?rest_route=\/wp\/v2\/pages\/14"}],"wp:attachment":[{"href":"https:\/\/www.uvpsk.se\/index.php?rest_route=%2Fwp%2Fv2%2Fmedia&parent=647"}],"curies":[{"name":"wp","href":"https:\/\/api.w.org\/{rel}","templated":true}]}}