{"id":634,"date":"2010-09-15T06:33:52","date_gmt":"2010-09-15T04:33:52","guid":{"rendered":"http:\/\/www.uvpsk.se\/?page_id=634"},"modified":"2024-02-20T21:22:39","modified_gmt":"2024-02-20T19:22:39","slug":"svartkruts-skytte","status":"publish","type":"page","link":"https:\/\/www.uvpsk.se\/?page_id=634","title":{"rendered":"Precisionsskjutning"},"content":{"rendered":"<h1><strong>Precisionsskjutning.<\/strong><\/h1>\n<p><strong>Precisionsskjutning \u00e4r grunden till allt skytte med pistol och revolver.<\/strong><\/p>\n<p><strong>Beh\u00e4rskar man inte de grundl\u00e4ggande momenten i precisionskytte s\u00e5 beh\u00e4rskar man\u00a0heller inte dessa moment n\u00e4r de genomf\u00f6rs\u00a0snabbare i andra skyttedicipliner.<\/strong><\/p>\n<p><strong>Precisionskjutning g\u00f6rs mot precisiontavlan p\u00e5 25 meters avst\u00e5nd, med 5 skott under en tid av 5 minuter.<br \/>\nPrecisionsskjutning sker i st\u00e5ende skjutst\u00e4llning utan st\u00f6dhand.<br \/>\nI klass Veteran \u00c4 f\u00e5r skytten skjuta med st\u00f6dhand (V\u00e4C).<br \/>\nSkytt som fyller 70 \u00e5r under kalender\u00e5ret har r\u00e4tt att skjuta med st\u00f6dhand i vapengrupperna A och B (oavsett skjutklass).<br \/>\n<\/strong><\/p>\n<p><strong>F\u00f6r kommandon och regler l\u00e4s klubbens skjutledarinstruktion.<br \/>\n<a href=\"https:\/\/www.uvpsk.se\/wp-content\/uploads\/2024\/02\/Skjutledarinstruktion-Precisionsskjutning_ver-2024-02-20.pdf\" target=\"_blank\" rel=\"noopener\">Skjutledarinstruktion Precisionsskjutning_ver 2024-02-20<\/a><br \/>\n<\/strong><\/p>\n<p><strong>Text om <a href=\"https:\/\/www.uvpsk.se\/wp-content\/uploads\/2010\/09\/Hur_svart_ar_det_egentligen_att_skjuta_luftpistol.pdf\">&#8221;hur sv\u00e5rt \u00e4r det egentligen att skjuta luftpistol&#8221;<\/a><br \/>\n<\/strong><\/p>\n","protected":false},"excerpt":{"rendered":"<p>Precisionsskjutning. Precisionsskjutning \u00e4r grunden till allt skytte med pistol och revolver. Beh\u00e4rskar man inte de grundl\u00e4ggande momenten i precisionskytte s\u00e5 beh\u00e4rskar man\u00a0heller inte dessa moment n\u00e4r de genomf\u00f6rs\u00a0snabbare i andra skyttedicipliner. Precisionskjutning g\u00f6rs mot precisiontavlan p\u00e5 25 meters avst\u00e5nd, med &hellip; <a href=\"https:\/\/www.uvpsk.se\/?page_id=634\">Forts\u00e4tt l\u00e4sa <span class=\"meta-nav\">&rarr;<\/span><\/a><\/p>\n","protected":false},"author":18,"featured_media":0,"parent":14,"menu_order":10,"comment_status":"closed","ping_status":"closed","template":"","meta":{"footnotes":""},"class_list":["post-634","page","type-page","status-publish","hentry"],"_links":{"self":[{"href":"https:\/\/www.uvpsk.se\/index.php?rest_route=\/wp\/v2\/pages\/634","targetHints":{"allow":["GET"]}}],"collection":[{"href":"https:\/\/www.uvpsk.se\/index.php?rest_route=\/wp\/v2\/pages"}],"about":[{"href":"https:\/\/www.uvpsk.se\/index.php?rest_route=\/wp\/v2\/types\/page"}],"author":[{"embeddable":true,"href":"https:\/\/www.uvpsk.se\/index.php?rest_route=\/wp\/v2\/users\/18"}],"replies":[{"embeddable":true,"href":"https:\/\/www.uvpsk.se\/index.php?rest_route=%2Fwp%2Fv2%2Fcomments&post=634"}],"version-history":[{"count":21,"href":"https:\/\/www.uvpsk.se\/index.php?rest_route=\/wp\/v2\/pages\/634\/revisions"}],"predecessor-version":[{"id":15932,"href":"https:\/\/www.uvpsk.se\/index.php?rest_route=\/wp\/v2\/pages\/634\/revisions\/15932"}],"up":[{"embeddable":true,"href":"https:\/\/www.uvpsk.se\/index.php?rest_route=\/wp\/v2\/pages\/14"}],"wp:attachment":[{"href":"https:\/\/www.uvpsk.se\/index.php?rest_route=%2Fwp%2Fv2%2Fmedia&parent=634"}],"curies":[{"name":"wp","href":"https:\/\/api.w.org\/{rel}","templated":true}]}}